3?
-310240014
In base 7, what is 2101 + 302032?
304133
In base 10, what is 1384557 + -7?
1384550
In base 3, what is 101202001112 + 1220102?
101210221221
In base 10, what is -63 + 38721?
38658
In base 6, what is 501542 + 434?
502420
In base 8, what is -1674522 - -306?
-1674214
In base 2, what is 0 + 110100010101111001110?
110100010101111001110
In base 4, what is -123111 - 202300232?
-203030003
In base 6, what is 4213 + 5013?
13230
In base 5, what is -12043223 + -224?
-12044002
In base 13, what is -10a1a8 - -13?
-10a195
In base 2, what is 11 - 1001011100010011111001111?
-1001011100010011111001100
In base 3, what is -1 + -1112120202002?
-1112120202010
In base 2, what is -100111001 - 1111010000100010101?
-1111010001001001110
In base 11, what is 104 - -4272aa?
427403
In base 13, what is -8602 + -8b2?
-91b4
In base 7, what is 611131622 + -5?
611131614
In base 12, what is -980a46 + 36?
-980a10
In base 9, what is -67652 + -1614?
-70366
In base 6, what is -233023 - -53304?
-135315
In base 5, what is 1222113 - 11022?
1211041
In base 13, what is -5 + -30794938?
-30794940
In base 9, what is -2666 + 40881?
37214
In base 4, what is -111311000130030 - 1?
-111311000130031
In base 13, what is 101b94 - 8?
101b89
In base 15, what is b559da - -1?
b559db
In base 3, what is -2 - 10102200020121?
-10102200020200
In base 8, what is 4 - -252776375?
252776401
In base 5, what is 124204 + -23134412?
-23010203
In base 2, what is -100 - 1110100011010100101?
-1110100011010101001
In base 3, what is -101010221 + 1121222?
-22111222
In base 2, what is 10001010000 - -11110101011?
101111111011
In base 7, what is 1513 + -311446?
-306633
In base 4, what is -202322 + -33313223?
-100122211
In base 2, what is 110 + -1101011000111111?
-1101011000111001
In base 12, what is 5 + -a365736?
-a365731
In base 11, what is -6 - -12850?
12845
In base 12, what is abbba + 16?
b0014
In base 6, what is 155 - -15223143?
15223342
In base 15, what is -4ab8 - -1942?
-3176
In base 9, what is 170 - 580656?
-580476
In base 14, what is 28a - -53a2?
564c
In base 10, what is 97 + 218344?
218441
In base 3, what is -11 - -101022122000111?
101022122000100
In base 16, what is 2 - -ebb42a?
ebb42c
In base 4, what is -1223231003032 - 33?
-1223231003131
In base 3, what is 12220010220201 + -2?
12220010220122
In base 8, what is 5 - 443253?
-443246
In base 14, what is 1026 - 53d?
8c7
In base 14, what is -245d - -144?
-2319
In base 9, what is 3 + -12713205?
-12713202
In base 13, what is -2 + 1067559?
1067557
In base 7, what is -3 + -444630242?
-444630245
In base 5, what is 13432014 - 3231?
13423233
In base 5, what is -1 - -13400230011?
13400230010
In base 14, what is 50 - a202?
-a192
In base 13, what is 13718bb0c - -2?
13718bb11
In base 5, what is 231043023 - 40?
231042433
In base 9, what is 7078 + -74360?
-66271
In base 16, what is -55b5831 + 0?
-55b5831
In base 7, what is 1204553314 + -4?
1204553310
In base 6, what is -111 + 340304?
340153
In base 5, what is 1332101202 - -131?
1332101333
In base 2, what is 10011 + -101011100110001010110?
-101011100110001000011
In base 3, what is -21021 + 1202222000?
1202200202
In base 10, what is -894595 - -12?
-894583
In base 4, what is 112 - -210112320330?
210112321102
In base 4, what is -1302112 + 101331?
-1200121
In base 2, what is -1010 + -1011010010101000011010111?
-1011010010101000011100001
In base 2, what is 111001010000100 + 1000111011?
111010010111111
In base 13, what is -9a58a + -4?
-9a591
In base 13, what is -3 + 1c334c?
1c3349
In base 11, what is -34 - -1193347?
1193313
In base 7, what is -24 - 31120546?
-31120603
In base 2, what is 11110001101010100010 - 1111?
11110001101010010011
In base 11, what is -13717aa - 1a?
-1371819
In base 13, what is 732 - -3378?
3aaa
In base 15, what is 1226b + 39e?
1261a
In base 12, what is -5798b + -111?
-57aa0
In base 13, what is 611c0 - 34?
61189
In base 4, what is 2100023222 + -2102?
2100021120
In base 6, what is -54 + 23345143?
23345045
In base 11, what is 22448 - 93?
22365
In base 7, what is 16312434 + 36?
16312503
In base 12, what is -3 + 2157b47?
2157b44
In base 2, what is -10010011100 + 1111100110001?
1101010010101
In base 6, what is 2154140 + 100?
2154240
In base 2, what is 100001001001011011010 + 11?
100001001001011011101
In base 3, what is 0 + 12102100121121?
12102100121121
In base 5, what is 2443002222 - 10?
2443002212
In base 12, what is 80 + 698155?
698215
In base 2, what is -100101 - -111111100011011111?
111111100010111010
In base 6, what is -311023554 + 0?
-311023554
In base 14, what is da + -354cd0?
-354bd4
In base 7, what is -216 + -14324143?
-14324362
In base 8, what is 3644 + 206113?
211757
In base 4, what is -131003 - -1323100?
1132031
In base 16, what is cb662 - -232?
cb894
In base 12, what is -8 - -99ba7a?
99ba72
In base 16, what is -174295 - 26?
-1742bb
In base 13, what is -a2 + b307c?
b2caa
In base 16, what is e + 170a7d?
170a8b
In base 11, what is 849327 + 862?
84a089
In base 6, what is -1305443045 + -45?
-1305443134
In base 7, what is 26130 + -11142?
14655
In base 3, what is -111 + -11211211101021?
-11211211101202
In base 6, what is -130512325 - -1?
-130512324
In base 10, what is 32 - -229402?
229434
In base 6, what is 1 - 43401514?
-43401513
In base 10, what is 669 - -77?
746
In base 15, what is 3db7e6 + 4?
3db7ea
In base 4, what is -1000330100232 + 1?
-1000330100231
In base 14, what is 4da57a - 74?
4da506
In base 3, what is 10200010202 - -21221?
10200102200
In base 6, what is 1552 + 30501531?
30503523
In base 13, what is 3b1 + -1514?
-1133
In base 6, what is 324421220 - -1?
324421221
In base 3, what is 122111201 - -111011111?
1010200012
In base 3, what is -210 + -20211020111?
-20211021021
In base 3, what is 1 - -111220001002200?
111220001002201
In base 9, what is -110 - 666781?
-667001
In base 7, what is -21 + 156244546?
156244525
In base 7, what is -1433 - -2230540?
2226104
In base 3, what is 1022001220 - -110?
1022002100
In base 7, what is 206646 - 1602?
205044
In base 13, what is -26c + -27cb5?
-28254
In base 7, what is -11620 - -1532652?
1521032
In base 2, what is -10010 - -111010100100000001001?
111010100011111110111
In base 8, what is -211 + 713471?
713260
In base 3, what is 2 + 102122120010102?
102122120010111
In base 8, what is -23414404 + -2?
-23414406
In base 9, what is -38061601 + -45?
-38061646
In base 6, what is 303042422410 + 0?
303042422410
In base 3, what is 2011211 + 20000121?
22012102
In base 14, what is -b + 1a60d6c?
1a60d61
In base 10, what is 64 - -280509?
280573
In base 5, what is 4444 + 12340344?
12400343
In base 3, what is 2001222212222 - -1122?
2001222221121
In base 12, what is a - 1457845?
-1457837
In base 14, what is -2 + dbbd?
dbbb
In base 14, what is -13b467a41 - 4?
-13b467a45
In base 15, what is 3de32 - -23b?
3e16d
In base 13, what is -16ac - 14522?
-15c01
In base 5, what is 10 + -120423203020?
-120423203010
In base 10, what is 353 - 781620?
-781267
In base 7, what is 2161 - 24560?
-22366
In base 16, what is 1e11 + -f46?
ecb
In base 2, what is -1 - 100110000111100011001100001?
-100110000111100011001100010
In base 2, what is 1010000000101001 - -11000010111010?
1101000011100011
In base 10, what is -20773047 + 2?
-20773045
In base 11, what is -6 - 149a120?
-149a126
In base 15, what is 1321 + 6dcc?
81ed
In base 9, what is 108358427 - 3?
108358424
In base 8, what is -6105 + -45647?
-53754
In base 13, what is 4b71 - -122?
4c93
In base 3, what is -100102221 + 11010122210?
10210012212
In base 6, what is -42035315123 - -5?
-42035315114
In base 13, what is -68 - 26641b4?
-266424c
In base 16, what is -68113b0 + 3?
-68113ad
In base 15, what is -1ce + 72?
-15c
In base 13, what is 3 - 964838?
-964835
In base 3, what is -10122011 + -212011210210?
-212022102221
In base 8, what is -52263 + -105640?
-160123
In base 2, what is -101 - -101110110110100010010?
101110110110100001101
In base 8, what is 47512713 - -4?
47512717
In base 9, what is -8 + -13423104?
-13423113
In base 7, what is -220233 + -1404?
-221640
In base 15, what is -23ba3 + -24?
-23bc7
In base 11, what is -675 - 2138?
-2802
In base 9, what is 224216 - -540?
224756
In base 6, what is -100 - -322300342?
322300242
In base 7, what is 1 - 545161453?
-545161452
In base 7, what is 3 + 100662010?
100662013
In base 11, what is -2147a6227 + -3?
-